 is the tens digit of 63891?
9
What is the tens digit of 306?
0
What is the tens digit of 1045?
4
What is the hundreds digit of 3547?
5
What is the units digit of 14555?
5
What is the hundreds digit of 263?
2
What is the tens digit of 13422?
2
What is the hundreds digit of 311?
3
What is the thousands digit of 1596?
1
What is the tens digit of 33134?
3
What is the hundreds digit of 70098?
0
What is the hundreds digit of 544?
5
What is the tens digit of 494?
9
What is the hundreds digit of 1042?
0
What is the units digit of 37847?
7
What is the hundreds digit of 625?
6
What is the hundreds digit of 1769?
7
What is the ten thousands digit of 11202?
1
What is the ten thousands digit of 34396?
3
What is the thousands digit of 2559?
2
What is the units digit of 2196?
6
What is the hundreds digit of 237?
2
What is the tens digit of 10919?
1
What is the thousands digit of 1278?
1
What is the tens digit of 5705?
0
What is the thousands digit of 4017?
4
What is the units digit of 47145?
5
What is the hundreds digit of 7650?
6
What is the tens digit of 17344?
4
What is the ten thousands digit of 24185?
2
What is the units digit of 22855?
5
What is the tens digit of 26698?
9
What is the thousands digit of 1480?
1
What is the thousands digit of 7634?
7
What is the units digit of 360?
0
What is the tens digit of 3141?
4
What is the hundreds digit of 12907?
9
What is the thousands digit of 2043?
2
What is the tens digit of 6801?
0
What is the ten thousands digit of 25982?
2
What is the thousands digit of 1565?
1
What is the thousands digit of 17020?
7
What is the units digit of 558?
8
What is the tens digit of 452?
5
What is the thousands digit of 3303?
3
What is the units digit of 5959?
9
What is the tens digit of 34400?
0
What is the tens digit of 1078?
7
What is the hundreds digit of 125294?
2
What is the ten thousands digit of 36167?
3
What is the units digit of 1933?
3
What is the hundreds digit of 17710?
7
What is the units digit of 1207?
7
What is the ten thousands digit of 28681?
2
What is the units digit of 682?
2
What is the tens digit of 444?
4
What is the ten thousands digit of 11995?
1
What is the hundreds digit of 1222?
2
What is the tens digit of 17844?
4
What is the ten thousands digit of 107139?
0
What is the tens digit of 138032?
3
What is the hundreds digit of 228?
2
What is the hundreds digit of 21250?
2
What is the hundreds digit of 1037?
0
What is the units digit of 18514?
4
What is the hundreds digit of 33556?
5
What is the thousands digit of 48667?
8
What is the tens digit of 12493?
9
What is the ten thousands digit of 23696?
2
What is the hundreds digit of 1121?
1
What is the hundreds digit of 10287?
2
What is the tens digit of 1169?
6
What is the units digit of 1339?
9
What is the ten thousands digit of 95392?
9
What is the hundreds digit of 119909?
9
What is the units digit of 86512?
2
What is the tens digit of 68666?
6
What is the ten thousands digit of 14452?
1
What is the ten thousands digit of 13611?
1
What is the hundreds digit of 3588?
5
What is the units digit of 33736?
6
What is the tens digit of 4475?
7
What is the thousands digit of 2130?
2
What is the units digit of 65340?
0
What is the hundreds digit of 64125?
1
What is the thousands digit of 1294?
1
What is the thousands digit of 3714?
3
What is the units digit of 12930?
0
What is the tens digit of 680?
8
What is the tens digit of 63?
6
What is the units digit of 293?
3
What is the ten thousands digit of 15276?
1
What is the units digit of 50562?
2
What is the hundreds digit of 4009?
0
What is the units digit of 2397?
7
What is the units digit of 2147?
7
What is the thousands digit of 34471?
4
What is the units digit of 56805?
5
What is the thousands digit of 107166?
7
What is the units digit of 64?
4
What is the thousands digit of 14950?
4
What is the thousands digit of 1389?
1
What is the hundreds digit of 490?
4
What is the hundreds digit of 5444?
4
What is the tens digit of 34?
3
What is the thousands digit of 2942?
2
What is the tens digit of 1287?
8
What is the units digit of 7006?
6
What is the hundreds digit of 4858?
8
What is the units digit of 554?
4
What is the thousands digit of 1029?
1
What is the hundreds digit of 91278?
2
What is the tens digit of 42787?
8
What is the units digit of 11752?
2
What is the thousands digit of 6345?
6
What is the thousands digit of 15807?
5
What is the tens digit of 1077?
7
What is the units digit of 32923?
3
What is the hundreds digit of 8257?
2
What is the units digit of 1762?
2
What is the hundreds digit of 1983?
9
What is the hundreds digit of 1662?
6
What is the tens digit of 37980?
8
What is the thousands digit of 13842?
3
What is the units digit of 56?
6
What is the hundreds digit of 150020?
0
What is the hundreds digit of 1741?
7
What is the units digit of 2758?
8
What is the thousands digit of 170701?
0
What is the units digit of 9897?
7
What is the thousands digit of 1034?
1
What is the tens digit of 8524?
2
What is the units digit of 603?
3
What is the units digit of 5803?
3
What is the hundreds digit of 849?
8
What is the units digit of 8558?
8
What is the tens digit of 1141?
4
What is the hundred thousands digit of 118283?
1
What is the tens digit of 1077?
7
What is the hundreds digit of 5549?
5
What is the thousands digit of 4277?
4
What is the units digit of 107116?
6
What is the units digit of 1538?
8
What is the hundreds digit of 2298?
2
What is the units digit of 237?
7
What is the hundreds digit of 474?
4
What is the units digit of 1860?
0
What is the units digit of 43730?
0
What is the units digit of 1272?
2
What is the tens digit of 14955?
5
What is the hundreds digit of 110933?
9
What is the units digit of 32?
2
What is the tens digit of 3348?
4
What is the ten thousands digit of 129169?
2
What is the thousands digit of 1666?
1
What is the tens digit of 2132?
3
What is the units digit of 1225?
5
What is the hundreds digit of 14527?
5
What is the units digit of 1888?
8
What is the tens digit of 274?
7
What is the tens digit of 1859?
5
What is the hundreds digit of 3422?
4
What is the tens digit of 3935?
3
What is the units digit of 1472?
2
What is the hundreds digit of 2616?
6
What is the tens digit of 62784?
8
What is the units digit of 84233?
3
What is the tens digit of 701?
0
What is the units digit of 914?
4
What is the tens digit of 886?
8
What is the tens digit of 1176?
7
What is the units digit of 29250?
0
What is the hundreds digit of 57219?
2
What is the tens digit of 4274?
7
What is the thousands digit of 8421?
8
What is the hundreds digit of 3841?
8
What is the hundreds digit of 670?
6
What is the ten thousands digit of 41042?
4
What is the tens digit of 6248?
4
What is the thousands digit of 12451?
2
What is the tens digit of 72630?
3
What is the units digit of 280?
0
What is the hundreds digit of 2246?
2
What is the thousands digit of 10314?
0
What is the units digit of 8005?
5
What is the units digit of 36230?
0
What is the hundreds digit of 13364?
3
What is the thousands digit of 98131?
8
What is the units digit of 966?
6
What is the hundreds digit of 1603?
6
What is the ten thousands digit of 11173?
1
What is the hundreds digit of 14096?
0
What is the tens digit of 9404?
0
What is the thousands digit of 31626?
1
What is the thousands digit of 5624?
5
What is the ten thousands digit of 27119?
2
What is the units digit of 40636?
6
What is the hundreds digit of 2060?
0
What is the hundreds digit of 1890?
8
What is the tens digit of 23124?
2
What is the units digit of 1643?
3
What is the hundreds digit of 11686?
6
What is the ten thousands digit of 94924?
9
What is the tens digit of 3837?
3
What is the hundreds digit of 8631?
6
What is the hundreds digit of 535?
5
What is the hundreds digit of 24811?
8
What is the tens digit of 4643?
4
What is the units digit of 261?
1
What is the thousands digit of 4013?
4
What is the units digit of 3694?
4
What is the tens digit of 323?
2
What is the ten thousands digit of 27604?
2
What is the units digit of 1741?
1
What is the hundreds digit of 246?
2
What is the thousands digit of 43618?
3
What is the tens digit of 94?
9
What is the units digit of 14675?
5
What is the units digit of 30124?
4
What is the units digit of 3297?
7
What is the tens digit o